. Suppose c*a + 9 = a. Calculate the remainder when a/6*-18 - 3 is divided by 13.
11
Suppose 2*n + 0*n = 14. What is the remainder when 12 is divided by n?
5
Let d = -6 + 8. Suppose 0 = -p - d*f - 4, 2*p - 5*f - 17 = p. Calculate the remainder when p is divided by 2.
0
Let b = 67 - 56. Calculate the remainder when 32 is divided by b.
10
Suppose 249 = 4*w - 0*g - 3*g, 3*g = -2*w + 129. What is the remainder when w is divided by 11?
8
Let a(g) = -17*g + 1. Let d = -7 + 9. Suppose d*t - 46 = -5*q, 38 = 3*q - 0*q - 4*t. Calculate the remainder when a(-1) is divided by q.
8
Let k(r) = r**3 + 7*r**2 + 5*r - 9. Calculate the remainder when 28 is divided by k(-5).
12
Let w(r) = -r**3 + 8*r**2 - 2*r - 8. Let a be 4 + (-2)/1 + 48. Let n = a + -36. Calculate the remainder when w(7) is divided by n.
13
Let r = -54 - -61. Calculate the remainder when 26 is divided by r.
5
Let a(o) = -o**2 - o - 12. Let n be a(0). Let w = n + 20. Calculate the remainder when 30 is divided by w.
6
Let q(n) = -n**3 - 8*n**2 - 8*n - 7. Let j be q(-7). Let p be j/(-4)*2/2. Calculate the remainder when 30 is divided by (-1)/(-2)*p - -16.
14
Suppose 420 = -2*l + 8*l. What is the remainder when l is divided by 18?
16
Let z(s) = s**3 - 23*s**2 + 6*s - 8. Calculate the remainder when z(23) is divided by 12.
10
Let p = -15 + 15. Suppose p = -4*u + a + 328, -3*a = 5*u - 506 + 113. Calculate the remainder when u is divided by 28.
25
Let q = -231 - -233. What is the remainder when 3 - (1 + (-1 - -1)) is divided by q?
0
Let d(l) = l + 19. What is the remainder when 39 is divided by d(-5)?
11
Let d = -14 - -40. Calculate the remainder when d is divided by 14.
12
Let o(c) = c**3 - 7*c**2 + 7*c - 4. Let r be o(6). Let m(g) = 3*g**3 - 2*g**2 + 2*g. Calculate the remainder when m(r) is divided by 7.
6
Let n be 33/9 + 2/6. Suppose -r + 4 = g - 0, -2*r = n*g - 16. What is the remainder when 4 + -4*1/(-2) is divided by g?
2
Let j(i) = i**2 + 4*i + 1. Let v be j(-5). Calculate the remainder when 5 + (2 - 4)/2 is divided by (-2)/v - (-35)/15.
0
Let u(v) = -6*v**2 - 40*v - 16. Let n(c) = -c**2 - 8*c - 3. Let s(z) = -11*n(z) + 2*u(z). Calculate the remainder when 24 is divided by s(6).
11
Let s(x) = 4*x**3 - x**2 - x + 1. Let k be s(1). Let b(d) = 2*d**2 - 2*d - 1. What is the remainder when b(k) is divided by 6?
5
Calculate the remainder when 19 is divided by -2 + 1 + 6 + 2.
5
Let i(y) = y + 3. Let w be i(-4). Let j = 3 - w. Let v(x) = -x**3 + 8*x**2 - 7*x + 7. Calculate the remainder when v(7) is divided by j.
3
Suppose 0 = -s - 3*o + 37, -s + o - 4 = -37. Suppose -s = -2*f + f. Calculate the remainder when f is divided by 18.
16
Let x be (-2 - -1) + (-5 - -20). Let z = 1 + x. What is the remainder when z is divided by 8?
7
Let t(m) = 2*m**3 - 2*m**2 + 3*m - 3. What is the remainder when 64 is divided by t(2)?
9
Calculate the remainder when ((-162)/(-24))/((-4)/((-128)/6)) is divided by 20.
16
Let m = -35 - -95. Suppose 0 = y + 3*y - m. What is the remainder when y is divided by 6?
3
Let u(s) = -2*s**2 + 4*s - 5 - 12*s + s**2. Calculate the remainder when 25 is divided by u(-6).
4
Let l = 12 + -1. What is the remainder when 31 is divided by l?
9
Suppose 0 = -5*s - 15, -2*d = 3*s + 4 - 93. What is the remainder when d is divided by 13?
10
Let s(k) = -k + 8. Let u be s(6). Suppose 14 = -g - 4*m, -u*m - 4 = -m. Calculate the remainder when 2 is divided by g.
0
Let u = -11 + 9. Let v(r) = -7*r. What is the remainder when 53 is divided by v(u)?
11
Let a(h) = 2*h**2 + 5*h - 2. Calculate the remainder when (3/(-3))/(2/(-76)) is divided by a(-4).
8
What is the remainder when ((-16)/(-20))/(1/5) is divided by 3?
1
Suppose v = 4*d + 6, 4*v + 3*d - 2*d = 24. Suppose -8 = 3*j - 2. What is the remainder when v is divided by (-2)/(-1 - 1/j)?
2
Suppose 28 = 4*j + 4. Suppose -5*i + 58 + 22 = 0. Calculate the remainder when i is divided by j.
4
Let z(j) = -13*j + 1. Let b be z(1). Let t be 4/2*b/(-8). Let m = t + 2. What is the remainder when m is divided by 2?
1
Let k = 64 - 34. Suppose -2*y + 6*y = 0. Suppose -5*l - 5*i = -0*l - 90, -l - 2*i + 20 = y. Calculate the remainder when k is divided by l.
14
Let k(a) = 36*a**3 + a**2 - 2*a + 1. Let m be k(1). Let w be (-2)/(-6) - 61/3. Let r = m + w. What is the remainder when r is divided by 6?
4
Suppose 3*p = 2*x + 2 - 4, -12 = -x - 4*p. Suppose 20 = t + x*s, -2*s = -3*t + 2*t + 2. Calculate the remainder when t is divided by 5.
3
Let w(b) = b**3 + 4*b**2 + 2*b + 6. Calculate the remainder when (2 + -11 + 0)*-2 is divided by w(-2).
8
Let b(q) = -q + 8. Let o be b(3). Let p = o - -12. Calculate the remainder when 48 is divided by p.
14
Suppose -y + 0 = -2. Suppose -4*o = -y*p - 2, -2*o = -3*p - p + 8. Suppose 0 = p*i - 6*i + k + 5, 5*k + 3 = 4*i. What is the remainder when 4 is divided by i?
0
Let d(l) = 2*l + l - 4*l + 6. Let q be d(0). Calculate the remainder when 46 is divided by 4*(4/(-2) + q).
14
What is the remainder when 47 is divided by (75/(-10) + 3)*-6?
20
Let m = -17 - -21. Suppose 245 = 5*o - 5*a, -6*o + m*o - 5*a = -112. Calculate the remainder when o is divided by 13.
12
Suppose -545 - 133 = -6*q. What is the remainder when q is divided by 38?
37
Suppose -3*s = -20*g + 17*g - 57, 0 = 2*s - 3*g - 43. Suppose -4*z + 158 = w, 0 = -0*z - 5*z - 2*w + 196. Calculate the remainder when z is divided by s.
12
Let r(s) = s**3 + s**2 - s + 6. Let b be r(0). Let w(n) = 14*n + 1. Let h be w(b). Suppose -3*t + h = -23. What is the remainder when t is divided by 19?
17
Let h = 23 + -9. Let n(g) = g**3 + 5*g**2 - g - 7. Let v be n(-5). Let j = 3 - v. Calculate the remainder when h is divided by j.
4
Suppose -2*z + 2*h + 20 = -0*h, -7 = -z + 4*h. Let d = 12 + -8. Calculate the remainder when z is divided by d.
3
Suppose 0 = 4*u - 220 - 36. Suppose 64 = -3*r + r. Let w = -10 - r. What is the remainder when u is divided by w?
20
Let u be 3 + 3/(-9)*-3. Suppose p + 12 = 2*p. Calculate the remainder when p is divided by ((-2)/u)/((-5)/70).
5
Let y be 1 + 1 + (1 - 1). Suppose -y*v + 3 = -7. What is the remainder when 7 is divided by v?
2
What is the remainder when 51 is divided by 464/26 + (-10)/(-65)?
15
Suppose 4*u - 60 = u. Suppose 0 = -4*w + u + 128. What is the remainder when w is divided by 13?
11
Let t = -272 - -455. Calculate the remainder when t is divided by 37.
35
Suppose 28*z + 395 = 33*z. What is the remainder when z is divided by 17?
11
Suppose 3*q - 2*q - 88 = 0. What is the remainder when q is divided by 23?
19
Let d(f) = -2*f**2 - 6*f + 11. Let x(k) = k**2 + 2*k - 4. Let j(b) = 3*d(b) + 8*x(b). Calculate the remainder when j(4) is divided by 14.
11
Suppose 9*u - 64 = 5*u. Calculate the remainder when 27 is divided by u.
11
Let d = 20 - 4. Calculate the remainder when 77 is divided by d.
13
Let g(o) = o**3 + o**2 + o + 24. Let k be 0/(3 - (0 - -1)). What is the remainder when g(k) is divided by 13?
11
Let s(q) = q + 12. Let h be s(-15). What is the remainder when 43 is divided by 4*((-69)/(-12) + h)?
10
Let p(b) = b**2 - 6*b + 7. Let c be p(5). Suppose 15 + 13 = -c*s - 2*m, -20 = 5*m. Let w = 24 + s. What is the remainder when 40 is divided by w?
12
Suppose 0*w + w - 291 = -5*l, 0 = 3*l - 3*w - 189. Let s = l - 22. Let p = 14 - -5. Calculate the remainder when s is divided by p.
18
Let w = -87 - -112. What is the remainder when 147 is divided by w?
22
Suppose 2*t = -3 + 5, -5*p - 2*t + 27 = 0. Suppose a = r - 19 - 0, 25 = -p*a. What is the remainder when 53 is divided by r?
11
Suppose 2*x + 3*i + 3 + 12 = 0, 0 = 3*x - 5*i - 25. Suppose 6*a - a - 2*h - 70 = 0, 5*a - h - 65 = x. Calculate the remainder when 45 is divided by a.
9
Let i be (-1 + 7)*11/2. Let a = i + -21. Calculate the remainder when 7 is divided by (1/(-3))/((-2)/a).
1
Let n = 8 + -5. Suppose -5 - 7 = -2*w. Let v = n + w. What is the remainder when v is divided by 5?
4
Let a = 6 + -2. Suppose -a*c - 3*z - 110 = -9*c, -c + 22 = 3*z. Calculate the remainder when 65 is divided by c.
21
Suppose 0*z + 2*z + 6 = 0, 4*r - 2*z = 18. What is the remainder when 65 is divided by 135/6 - r/6?
21
Let n = 54 + -28. Let a = -8 + 15. What is the remainder when n is divided by a?
5
Let b be 4/30 - (-52)/60. Let d = b + 6. Calculate the remainder when 19 is divided by d.
5
Suppose 5*c = 36 + 264. Suppose -z + 